actors of 5281.
5281
What are the prime factors of 944?
2, 59
What are the prime factors of 5290?
2, 5, 23
List the prime factors of 822.
2, 3, 137
What are the prime factors of 541?
541
What are the prime factors of 12725?
5, 509
List the prime factors of 4461.
3, 1487
List the prime factors of 5622.
2, 3, 937
List the prime factors of 7148.
2, 1787
List the prime factors of 18184.
2, 2273
List the prime factors of 133323.
3, 19, 2339
What are the prime factors of 519?
3, 173
What are the prime factors of 62719?
19, 3301
List the prime factors of 266.
2, 7, 19
List the prime factors of 950.
2, 5, 19
List the prime factors of 1019.
1019
List the prime factors of 10256.
2, 641
List the prime factors of 2529.
3, 281
List the prime factors of 71749.
157, 457
List the prime factors of 7429.
17, 19, 23
What are the prime factors of 116067?
3, 7, 5527
What are the prime factors of 23298?
2, 3, 11, 353
What are the prime factors of 4513?
4513
What are the prime factors of 4445?
5, 7, 127
List the prime factors of 10319.
17, 607
What are the prime factors of 3337?
47, 71
What are the prime factors of 601?
601
List the prime factors of 694.
2, 347
What are the prime factors of 13678?
2, 7, 977
List the prime factors of 10111.
10111
What are the prime factors of 1153?
1153
What are the prime factors of 1147?
31, 37
List the prime factors of 3248.
2, 7, 29
What are the prime factors of 1619?
1619
List the prime factors of 2415.
3, 5, 7, 23
What are the prime factors of 1238?
2, 619
List the prime factors of 31865.
5, 6373
List the prime factors of 15506.
2, 7753
List the prime factors of 107618.
2, 7, 7687
What are the prime factors of 47022?
2, 3, 17, 461
What are the prime factors of 996?
2, 3, 83
What are the prime factors of 2315?
5, 463
What are the prime factors of 12381?
3, 4127
List the prime factors of 106.
2, 53
List the prime factors of 1134.
2, 3, 7
What are the prime factors of 8886?
2, 3, 1481
List the prime factors of 28375.
5, 227
What are the prime factors of 203?
7, 29
What are the prime factors of 15981?
3, 7, 761
What are the prime factors of 29583?
3, 19, 173
List the prime factors of 12399.
3, 4133
What are the prime factors of 36589?
7, 5227
List the prime factors of 57334.
2, 109, 263
List the prime factors of 2548.
2, 7, 13
What are the prime factors of 9870?
2, 3, 5, 7, 47
What are the prime factors of 104779?
104779
List the prime factors of 8355.
3, 5, 557
What are the prime factors of 101697?
3, 109, 311
List the prime factors of 21694.
2, 10847
List the prime factors of 2042.
2, 1021
List the prime factors of 4185.
3, 5, 31
List the prime factors of 1023.
3, 11, 31
What are the prime factors of 64934?
2, 32467
What are the prime factors of 2481?
3, 827
List the prime factors of 986.
2, 17, 29
List the prime factors of 80129.
7, 11447
List the prime factors of 821.
821
What are the prime factors of 16224?
2, 3, 13
List the prime factors of 29365.
5, 7, 839
List the prime factors of 3376.
2, 211
What are the prime factors of 7104?
2, 3, 37
What are the prime factors of 18545?
5, 3709
What are the prime factors of 6043?
6043
List the prime factors of 1205.
5, 241
List the prime factors of 1138.
2, 569
What are the prime factors of 157?
157
What are the prime factors of 10037?
10037
What are the prime factors of 570?
2, 3, 5, 19
List the prime factors of 602.
2, 7, 43
What are the prime factors of 602?
2, 7, 43
List the prime factors of 1068.
2, 3, 89
What are the prime factors of 1155?
3, 5, 7, 11
What are the prime factors of 20458?
2, 53, 193
What are the prime factors of 19449?
3, 2161
What are the prime factors of 1153?
1153
List the prime factors of 4738.
2, 23, 103
What are the prime factors of 20845?
5, 11, 379
What are the prime factors of 50014?
2, 17, 1471
What are the prime factors of 10828?
2, 2707
What are the prime factors of 12935?
5, 13, 199
What are the prime factors of 60006?
2, 3, 73, 137
What are the prime factors of 21856?
2, 683
What are the prime factors of 57786?
2, 3, 9631
What are the prime factors of 2862?
2, 3, 53
What are the prime factors of 51884?
2, 7, 17, 109
List the prime factors of 946.
2, 11, 43
List the prime factors of 588.
2, 3, 7
What are the prime factors of 58495?
5, 11699
List the prime factors of 281.
281
List the prime factors of 2122.
2, 1061
List the prime factors of 231.
3, 7, 11
What are the prime factors of 584?
2, 73
List the prime factors of 119.
7, 17
What are the prime factors of 5894?
2, 7, 421
What are the prime factors of 2434?
2, 1217
List the prime factors of 2794.
2, 11, 127
List the prime factors of 171.
3, 19
List the prime factors of 173.
173
List the prime factors of 11680.
2, 5, 73
List the prime factors of 15015.
3, 5, 7, 11, 13
List the prime factors of 105447.
3, 35149
What are the prime factors of 2769?
3, 13, 71
What are the prime factors of 7562?
2, 19, 199
List the prime factors of 22159.
22159
What are the prime factors of 1207?
17, 71
List the prime factors of 1234.
2, 617
List the prime factors of 14140.
2, 5, 7, 101
What are the prime factors of 20128?
2, 17, 37
List the prime factors of 5618.
2, 53
What are the prime factors of 346?
2, 173
List the prime factors of 659.
659
List the prime factors of 1248.
2, 3, 13
What are the prime factors of 3161?
29, 109
What are the prime factors of 4063?
17, 239
What are the prime factors of 933?
3, 311
What are the prime factors of 1489?
1489
List the prime factors of 3627.
3, 13, 31
What are the prime factors of 11055?
3, 5, 11, 67
What are the prime factors of 6263?
6263
What are the prime factors of 114377?
114377
List the prime factors of 1779.
3, 593
List the prime factors of 583.
11, 53
What are the prime factors of 158?
2, 79
List the prime factors of 37932.
2, 3, 29, 109
What are the prime factors of 4330?
2, 5, 433
What are the prime factors of 1486?
2, 743
What are the prime factors of 2610?
2, 3, 5, 29
What are the prime factors of 79128?
2, 3, 7, 157
What are the prime factors of 911?
911
What are the prime factors of 709?
709
List the prime factors of 1679.
23, 73
List the prime factors of 497.
7, 71
List the prime factors of 380.
2, 5, 19
What are the prime factors of 185?
5, 37
What are the prime factors of 4239?
3, 157
What are the prime factors of 1970?
2, 5, 197
List the prime factors of 281.
281
What are the prime factors of 75062?
2, 13, 2887
List the prime factors of 404.
2, 101
List the prime factors of 22522.
2, 11261
What are the prime factors of 56946?
2, 3, 9491
What are the prime factors of 1078?
2, 7, 11
List the prime factors of 3360.
2, 3, 5, 7
What are the prime factors of 1801?
1801
List the prime factors of 16363.
16363
List the prime factors of 93027.
3, 11, 2819
What are the prime factors of 681?
3, 227
List the prime factors of 776.
2, 97
List the prime factors of 83855.
5, 31, 541
List the prime factors of 26335.
5, 23, 229
List the prime factors of 5805.
3, 5, 43
List the prime factors of 1596.
2, 3, 7, 19
List the prime factors of 22027.
22027
What are the prime factors of 2872?
2, 359
List the prime factors of 51956.
2, 31, 419
What are the prime factors of 23291?
23291
What are the prime factors of 16448?
2, 257
What are the prime factors of 38769?
3, 12923
What are the prime factors of 10746?
2, 3, 199
What are the prime factors of 136351?
136351
List the prime factors of 2679.
3, 19, 47
What are the prime factors of 4705?
5, 941
What are the prime factors of 3375?
3, 5
List the prime factors of 16915.
5, 17, 199
What are the prime factors of 748?
2, 11, 17
What are the prime factors of 11325?
3, 5, 151
What are the prime factors of 999?
3, 37
List the prime factors of 9804.
2, 3, 19, 43
List the prime factors of 9983.
67, 149
List the prime factors of 1702.
2, 23, 37
List the prime factors of 434.
2, 7, 31
What are the prime factors of 15478?
2, 71, 109
List the prime factors of 56155.
5, 11, 1021
What are the prime factors of 5960?
2, 5, 149
What are the prime factors of 2801?
2801
What are the prime factors of 13633?
13633
List the prime factors of 2055.
3, 5, 137
List the prime factors of 1180.
2, 5, 59
What are the prime factors of 17074?
2, 8537
List the prime factors of 3467.
3467
What are the prime factors of 16789?
103, 163
What are the prime factors of 624